172
Let i(m) = -42*m + 674. Calculate i(16).
2
Let q(z) = 15*z**3 - 11*z**2 - 2*z + 12. Calculate q(3).
312
Let h(t) = 59*t**2 + 3539*t - 39. Calculate h(-60).
21
Let h(x) = -22*x - 1148. What is h(-50)?
-48
Let m(d) = 6*d**2 - 6*d + 18. Calculate m(-2).
54
Let y(a) = 36*a + 4387. Give y(-122).
-5
Let j(n) = 2*n**2 - 735*n - 2217. Determine j(-3).
6
Let k(t) = t**3 - 31*t**2 - 59*t - 356. Give k(33).
-125
Let v(w) = -w**2 + 34*w + 186. Give v(39).
-9
Let p(m) = -m**3 - 52*m**2 + 50*m - 129. Determine p(-53).
30
Let s(y) = y**3 + 2*y**2 - y - 121. What is s(0)?
-121
Let s(j) = -2*j**3 + 42*j**2 - 218*j + 35. What is s(9)?
17
Let x(o) = 2*o**3 + 9*o**2 + 3*o - 9. Calculate x(-3).
9
Let z(n) = -2*n**2 - 8*n + 228. What is z(9)?
-6
Let v(b) = -2*b**3 + 22*b**2 + 79*b + 45. Determine v(14).
-25
Let a(m) = 10*m + 346. Give a(-35).
-4
Let v(r) = 151*r + 2418. Determine v(-16).
2
Let p(j) = 199*j - 4184. What is p(21)?
-5
Let a(q) = 119*q - 227. Calculate a(2).
11
Let q(r) = r**3 - 26*r**2 - 25*r + 5. Give q(25).
-1245
Let d(q) = -486*q - 1439. Determine d(-3).
19
Let z(h) = h**2 + 135*h + 2106. Calculate z(-18).
0
Let m(i) = -5*i + 491. What is m(12)?
431
Let d(s) = s**3 + 106*s**2 - 216*s + 11. Determine d(-108).
11
Let o(n) = -2*n**2 + 108*n + 209. Determine o(-2).
-15
Let y(a) = 2*a**2 - 28*a - 6. Give y(14).
-6
Let v(c) = 20*c - 1331. Give v(66).
-11
Let u(n) = 151*n - 1661. Give u(11).
0
Let g(k) = k**3 - 260*k**2 + 1027*k - 763. Calculate g(256).
5
Let z(r) = -r**3 + 37*r**2 - 3*r + 18. Calculate z(0).
18
Let p(y) = -y**3 - 101*y**2 - 290*y + 272. Determine p(-98).
-120
Let x(z) = 3*z**2 - 29*z + 6. What is x(10)?
16
Let a(l) = 4*l**2 - 8*l - 11. Calculate a(-4).
85
Let w(l) = l**3 - 16*l**2 + 21*l + 14. What is w(2)?
0
Let t(q) = q**2 - 5*q - 13. Calculate t(-7).
71
Let a(s) = -2*s**3 + 163*s**2 + 82*s - 20. Calculate a(82).
-20
Let c(x) = -x**3 - 23*x**2 - 65*x + 44. Determine c(-19).
-165
Let x(d) = d**3 - 41*d**2 - 200*d + 893. Determine x(45).
-7
Let o(a) = 11*a**3 + 89*a**2 + 13*a + 33. Determine o(-8).
-7
Let n(j) = -336*j + 105850. Give n(315).
10
Let c(w) = -2*w**3 + 4*w**2 - 4*w + 4. Calculate c(2).
-4
Let o(z) = 16*z**2 + 250*z - 1. Give o(-14).
-365
Let y(c) = 3*c**3 - 112*c**2 - 102*c + 991. Give y(38).
3
Let v(j) = 9*j**3 - 88*j**2 + 74*j - 92. Calculate v(9).
7
Let a(q) = -q**3 - 90*q**2 - 85*q + 356. Determine a(-89).
0
Let q(r) = 2*r**2 + 347*r - 1790. Give q(5).
-5
Let x(t) = -t**3 - 21*t**2 + 46*t - 53. Determine x(-23).
-53
Let m(j) = 2*j**2 - 34*j + 292. Determine m(9).
148
Let o(q) = 36*q**2 - 283*q - 574. Give o(-2).
136
Let v(f) = 2*f**3 - 24*f**2 + 15*f + 44. Determine v(11).
-33
Let b(g) = 712*g**2 + 7831*g - 19. Calculate b(-11).
-8
Let a(c) = -68*c - 1147. Give a(-16).
-59
Let o(s) = -207*s + 16939. Give o(82).
-35
Let z(v) = v**3 + 5*v**2 - 11*v - 28. What is z(-5)?
27
Let t(i) = 44*i + 337. What is t(13)?
909
Let u(b) = -3*b**2 - 20*b - 49. What is u(-8)?
-81
Let t(q) = q**3 - 26*q**2 + 2*q - 67. Determine t(26).
-15
Let x(l) = -l**2 - 151*l - 597. Give x(-4).
-9
Let c(r) = 1510*r**2 - 13586*r - 30. Determine c(9).
6
Let o(b) = b**3 + 24*b**2 + 109*b - 19. Give o(-18).
-37
Let t(a) = 3*a**2 - 32*a + 69. Determine t(7).
-8
Let x(f) = 86*f + 360. What is x(-5)?
-70
Let s(i) = -803*i + 2409. Calculate s(3).
0
Let l(i) = 20*i + 85. Determine l(-6).
-35
Let i(p) = -32*p**2 + 76*p - 13. Calculate i(2).
11
Let f(g) = -53*g**2 + 38*g + 114. Give f(-3).
-477
Let t(p) = -p**3 + 39*p**2 - p + 38. Give t(39).
-1
Let u(v) = 14*v**2 - 10*v + 46. Give u(5).
346
Let a(k) = -64*k + 655. Determine a(10).
15
Let w(p) = p**3 + 12*p**2 - 62. Give w(-9).
181
Let r(f) = 104*f**2 + 97*f + 83. Calculate r(-1).
90
Let k(u) = 2122*u + 171874. Calculate k(-81).
-8
Let d(k) = -k**3 + 11*k**2 - 21*k - 34. What is d(4)?
-6
Let b(g) = -20*g + 375. What is b(19)?
-5
Let k(i) = -i**2 - 52*i + 83. What is k(-35)?
678
Let y(n) = -173*n - 13326. Calculate y(-77).
-5
Let q(s) = 3*s**2 + 185*s + 2754. Determine q(-25).
4
Let x(j) = 7*j**2 - 132*j + 495. Give x(14).
19
Let n(h) = 2*h**2 - 116*h - 2896. Give n(77).
30
Let o(p) = -p**3 + 13*p**2 - p - 37. What is o(12)?
95
Let n(f) = 193*f + 1738. Calculate n(-7).
387
Let y(f) = -2464*f + 17258. Give y(7).
10
Let h(v) = -6*v**2 - 400*v - 1022. Calculate h(-64).
2
Let f(i) = -13*i + 86. What is f(5)?
21
Let f(v) = -6*v**3 + 7*v**2 + 23*v + 15. Give f(-4).
419
Let t(j) = -2*j**3 + 6*j**2 + 4*j + 63. Calculate t(6).
-129
Let c(o) = 23*o + 270. What is c(-21)?
-213
Let t(v) = -2*v**3 - 65*v**2 + 97*v - 168. Calculate t(-34).
2
Let q(v) = 2*v**2 + 26*v - 490. Determine q(10).
-30
Let c(z) = 3*z - 73. Give c(-29).
-160
Let k(p) = -p**3 - 56*p**2 - 304*p - 200. Determine k(-50).
0
Let a(o) = o**2 + 56*o + 13. Calculate a(-55).
-42
Let o(h) = 15*h + 109. Calculate o(-8).
-11
Let o(u) = -2*u**3 + 29*u**2 - 16*u - 7. What is o(14)?
-35
Let m(x) = 6011*x - 258469. What is m(43)?
4
Let z(c) = 121*c**2 + 1452*c - 9. Determine z(-12).
-9
Let y(k) = -k**3 + 28*k**2 - 56*k + 88. What is y(26)?
-16
Let b(c) = 23*c**2 + 168*c - 947. Determine b(-11).
-12
Let q(w) = -7*w + 223. Give q(29).
20
Let i(x) = -x**3 + 98*x**2 - 567*x - 6388. Give i(91).
-18
Let i(s) = -4*s + 44. Calculate i(12).
-4
Let d(r) = -1401*r - 12602. Determine d(-9).
7
Let y(i) = 253*i - 4209. Give y(17).
92
Let s(v) = -v**2 - 275*v - 17635. Calculate s(-173).
11
Let i(o) = 589*o - 7060. Determine i(12).
8
Let g(p) = 29*p**2 - 147*p + 108. What is g(5)?
98
Let i(s) = -s**3 + 195*s**2 - 1150*s + 3018. What is i(189)?
-6
Let r(i) = -66*i + 4015. Calculate r(60).
55
Let v(z) = 6*z**2 - 56*z - 48. Calculate v(14).
344
Let h(y) = 2*y**2 + 433*y + 2564. What is h(-6)?
38
Let b(c) = -697*c - 2796. Give b(-4).
-8
Let p(u) = 236*u**2 - 28*u - 9. Determine p(0).
-9
Let h(y) = -2728*y - 27285. Give h(-10).
-5
Let n(u) = -73*u - 1784. Calculate n(-23).
-105
Let d(r) = r**3 + 88*r**2 + 1931*r - 34. Determine d(-46).
12
Let t(c) = -2*c**3 - 53*c**2 - 104*c - 720. Determine t(-25).
5
Let z(n) = n**2 - 7*n - 174. Calculate z(-9).
-30
Let y(c) = -7607*c - 68441. Calculate y(-9).
22
Let d(y) = 370*y**3 + 2*y**2 + 44*y + 44. Calculate d(-1).
-368
Let k(i) = 24*i - 118. Give k(7).
50
Let y(b) = 2*b**3 + 32*b**2 - 98. What is y(-16)?
-98
Let r(m) = -3*m**2 + 199*m - 3093. Give r(41).
23
Let r(o) = -3*o**2 - 47*o + 26. Give r(-17).
-42
Let f(b) = -142*b - 10649. What is f(-75)?
1
Let r(c) = 609*c + 5430. Calculate r(-9).
-51
Let c(i) = -i**3 - 16*i**2 - 52*i - 15. Determine c(-12).
33
Let d(j) = -9*j**2 + 126*j + 122. What is d(15)?
-13
Let r(x) = 24*x - 223. Calculate r(9).
-7
Let a(l) = 33*l**2 + 97*l - 7. Give a(-2).
-69
Let f(w) = -703*w - 5547. Give f(-8).
77
Let o(g) = -3*g**2 + 34*g + 3. Give o(8).
83
Let k(w) = -11*w**3 + 44*w**2 + 40*w - 158. Determine k(4).
2
Let o(g) = 4*g**2 + 11*g - 27. Determine o(-8).
141
Let j(k) = -47*k + 553. What is j(12)?
-11
Let c(w) = 227*w + 7719. Give c(-34).
1
Let q(s) = s**2 - 245*s + 1905. What is q(8)?
9
Let s(r) = 14*r**2 + 332*r - 333. What is s(1)?
13
Let d(h) = -17*h - 168. Calculate d(-9).
-15
Let f(i) = -39*i**2 - 10*i + 12. What is f(-4)?
-572
Let k(q) = q**3 - 88*q**2 - 460*q - 459. Calculate k(93).
6
Let j(x) = 21*x**2 + 2898*x + 13. Calculate j(-138).
13
Let v(y) = -2*y**2 - 210*y - 2688. What is v(-90)?
12
Let b(o) = 2*o**3 - 36*o**2 - 65*o - 294. What is b(20)?
6
Let n(v) = -2*v**2 + 104*v + 1247. What is n(-10)?
7
Let d(p) = 7*p**3 + 26*p**2 - 151*p - 567. What is d(-4)?
5
Let t(s) = -103*s + 2056. Give t(20).
-4
Let r(m) = 3*m**3 - 16*m**2 + 22*m - 2. What is r(5)?
83
Let g(y) = y**3 + 46*y**2 - 371*y + 11. What is g(7)?
11
Let l(n) = n**2 + 23*n - 60. Determine l(-26).
18
Let m(t) = t**3 - 15*t**2 + 5*t + 222. Calculate m(14).
96
Let b(h) = h**2 + 1219*h + 8475. Calculate b(-7).
-9
Let n(d) = 19*d**3 - 115*d**2 + 34*d - 124. Give n(6).
44
Let c(y) = y**2 - 175*y + 1020. Give c(6).
6
Let b(w) = -w**2 - 85*w - 640. What is b(-76)?
44
Let p(t) = -2*t**3 - 22*t**2 + 150*t + 1519. Calculate p(-12).
7
Let k(d) = 29*d + 71. Calculate k(-5).
-74
Let u(c) = 96*c + 87. Determine u(-1).
-9
Let v(t) = 3*t**3 - 56*t**2 + 90*t - 88. Determine v(17).
-3
Let m(u) = -2262*u + 15848. Determine m(7).
14
Let y(w) = 534*w - 9074. Give